3337 - 5?
-241423344
In base 7, what is -3216 - -4230?
1011
In base 7, what is 12261250 + 111?
12261361
In base 4, what is 201012230 - -1331?
201020221
In base 14, what is -125b + 4858?
35db
In base 16, what is -5 + 24e86e?
24e869
In base 4, what is 12133121 + -3131?
12123330
In base 8, what is 31 - 22205371?
-22205340
In base 7, what is -16640 - -266640?
250000
In base 3, what is -12200101111202 - 101?
-12200101112010
In base 5, what is 1312324 + -1300431?
11343
In base 15, what is -37e3 + -1ba?
-39ad
In base 3, what is 10011110 - -1101211200?
1112000010
In base 14, what is 7281 - 612a?
1155
In base 16, what is -41ee4 + 162?
-41d82
In base 15, what is bee0 - -67?
c057
In base 11, what is 8800160 - -4?
8800164
In base 6, what is -22445112 + 11?
-22445101
In base 10, what is -8513 + -2335?
-10848
In base 12, what is 482550 - 8?
482544
In base 2, what is 101101100001010110110010110 - 11?
101101100001010110110010011
In base 9, what is 28 + 215573?
215612
In base 12, what is -1757 + -a62?
-25b9
In base 3, what is -11210120112 + -210221?
-11211101110
In base 15, what is 3 + 73a957?
73a95a
In base 15, what is -9b5b04d1 - 1?
-9b5b04d2
In base 8, what is 213705613 + 0?
213705613
In base 13, what is 472054 + -3?
472051
In base 16, what is 11 - 124400?
-1243ef
In base 16, what is -5350 + bc?
-5294
In base 13, what is 51b5c5 + 9?
51b601
In base 9, what is 3616883730 - -5?
3616883735
In base 4, what is 213303 + 12300?
232203
In base 7, what is 6 - -4160520?
4160526
In base 16, what is 12d2 + e1a6?
f478
In base 3, what is 121202012200200001 - -10?
121202012200200011
In base 12, what is 48231a97 - -3?
48231a9a
In base 2, what is 1100 - 101010100100000101011?
-101010100100000011111
In base 6, what is 22250320 + -24?
22250252
In base 12, what is 17b4863 + -32?
17b4831
In base 3, what is 10202000221 + -20020?
10201210201
In base 11, what is 5 - 94460623?
-94460619
In base 5, what is -4 - -23312343211?
23312343202
In base 7, what is 230421612 - 5?
230421604
In base 5, what is 40203444033 - -10?
40203444043
In base 7, what is 3321112 + 3060?
3324202
In base 13, what is 164a869b - -3?
164a86a1
In base 3, what is 102002220010012 + 11?
102002220010100
In base 12, what is -b0926 + 21?
-b0905
In base 2, what is 11111000001 - -1000011?
100000000100
In base 10, what is -37624994 - -5?
-37624989
In base 10, what is -6680478 + 0?
-6680478
In base 10, what is -605 - -41910?
41305
In base 12, what is -1075511 - 5?
-1075516
In base 13, what is -2 - 4b03b7?
-4b03b9
In base 3, what is -120121022 - -1010102?
-112110220
In base 4, what is -2202101312 - 231?
-2202102203
In base 6, what is 50143541434 - 3?
50143541431
In base 14, what is -10c4984 - -2?
-10c4982
In base 5, what is -3 + -420432213?
-420432221
In base 3, what is -121001 - -11211022122?
11210201121
In base 16, what is 2 - -8564be?
8564c0
In base 4, what is 10203332 - -2323?
10212321
In base 11, what is 54082 + -a7?
53a86
In base 13, what is -348a37 - -5b?
-3489a9
In base 13, what is 1ba9b - -16a?
1bc38
In base 3, what is 1202010202200 + 1?
1202010202201
In base 12, what is -19984920 + b?
-19984911
In base 2, what is 1010111110001 - -1110101001101011?
10000000001011100
In base 9, what is 2257 + -60524?
-57256
In base 2, what is 10100010000000 - -10000000001?
10110010000001
In base 13, what is 2979b + 718?
2a1b6
In base 15, what is -25cea6 + -7?
-25cead
In base 3, what is -1022111102101 + -1?
-1022111102102
In base 9, what is -55555467 + -20?
-55555487
In base 14, what is -52 + 9d5178?
9d5126
In base 15, what is 10e2ed5 + -2?
10e2ed3
In base 10, what is -2271926 - -17?
-2271909
In base 13, what is -2 + -287c30ba?
-287c30bc
In base 2, what is 110101001100 + 1111101001?
1000100110101
In base 12, what is 4a5 + -22474?
-21b8b
In base 3, what is -21 - -1120210212102?
1120210212011
In base 5, what is 141322 + -2123?
134144
In base 15, what is -240da511 + 3?
-240da50d
In base 6, what is 20 + 1223530?
1223550
In base 14, what is 19359c - 9?
193593
In base 2, what is 1000001011001 - -101001100001?
1101010111010
In base 6, what is -42234052 - 55?
-42234151
In base 6, what is -52 + -10410141?
-10410233
In base 13, what is c3367 + 89?
c3423
In base 8, what is -7752654 + 3?
-7752651
In base 7, what is 16145 + 632?
20110
In base 3, what is 11110111111 + -22211020?
11010200021
In base 12, what is -1 + 11996?
11995
In base 12, what is -8 + -12580969?
-12580975
In base 8, what is 3071450 - 1?
3071447
In base 5, what is 10012424114 + 0?
10012424114
In base 3, what is 12 + -1012012111102211?
-1012012111102122
In base 14, what is -8342 + b52?
-75d0
In base 6, what is 11 + 430343?
430354
In base 2, what is 1100100001010 - -110010111110110?
111111100000000
In base 8, what is 63471652 + 32?
63471704
In base 6, what is 4 + 4530253541?
4530253545
In base 13, what is -68 + -32522?
-3258a
In base 12, what is 19 + 46b298?
46b2b5
In base 14, what is -11b + -211961?
-211a7c
In base 5, what is 3340002311 + -10?
3340002301
In base 5, what is 210443222211 - -3?
210443222214
In base 4, what is -200011210312 - -1001?
-200011203311
In base 15, what is 3e39 - 1d2?
3c57
In base 6, what is 5 + 135205105?
135205114
In base 14, what is 1781bab - -1?
1781bac
In base 2, what is 111 - 1011011011001010110001?
-1011011011001010101010
In base 3, what is 111111 + 100212001202?
100212120020
In base 8, what is 3 - -16200011?
16200014
In base 6, what is -5110 - 5145002?
-5154112
In base 10, what is 465 - 1839?
-1374
In base 10, what is 122185 - -790?
122975
In base 4, what is 1023012100310 - -1?
1023012100311
In base 11, what is 40862a76 + 1?
40862a77
In base 9, what is 7553 - -5075?
13638
In base 4, what is -230321 - -1001020?
110033
In base 6, what is 153011350 - 3?
153011343
In base 11, what is 83859 + 6?
83864
In base 3, what is -22120002100 - 1002?
-22120010102
In base 9, what is 22 - -112306?
112328
In base 13, what is -1511 - -1349?
-195
In base 8, what is -270703643 - 1?
-270703644
In base 14, what is -acaa8a - a?
-acaa96
In base 3, what is 210002 - -1212111210?
1220021212
In base 8, what is 126675704 - -22?
126675726
In base 2, what is 10001000111 + -10001000110011001110?
-10001000100010000111
In base 4, what is -230 + 100101230?
100101000
In base 10, what is 3953 + -16858?
-12905
In base 11, what is -2a46 + 919?
-2128
In base 7, what is 5510543556 + -1?
5510543555
In base 10, what is -2012 + -2362?
-4374
In base 2, what is 1001110101 - 1101111001111101?
-1101110000001000
In base 8, what is -51507066 + 2?
-51507064
In base 7, what is -4 + -24366522?
-24366526
In base 10, what is -525 + -56469?
-56994
In base 15, what is -b7737c - -d?
-b7736e
In base 10, what is 8 + 210092?
210100
In base 9, what is 113 - -42483141?
42483254
In base 11, what is 836a9 + -181?
83528
In base 16, what is -73b7c + 20?
-73b5c
In base 9, what is -37 - 13015060?
-13015107
In base 7, what is 34053540 + -15?
34053522
In base 9, what is -3 - 3761053?
-3761056
In base 11, what is 2 + 2633692?
2633694
In base 13, what is -283 - 854b?
-8801
In base 4, what is -2332311 - 3011?
-3001322
In base 11, what is 841 - -98145?
98986
In base 14, what is 15d6806 - 3?
15d6803
In base 14, what is 6b24b187 + -2?
6b24b185
In base 5, what is 43200 + -40424?
2221
In base 6, what is -52531 + 25511?
-23020
In base 9, what is 1 - -272052?
272053
In base 15, what is 0 + -53e3308?
-53e3308
In base 8, what is -6547324 + 25?
-6547277
In base 7, what is -146662 - 256?
-150251
In base 3, what is 210102122 + 1011201?
211121100
In base 4, what is -21323001002031 - 11?
-21323001002102
In base 12, what is 1112 + 17488?
1859a
In base 6, what is -14524 - 423315?
-442243
In base 4, what is 20 + -133232233?
-133232213
In base 7, what is 1050565214 + -15?
1050565166
In base 9, what is -288048861 + 5?
-288048855
In base 15, what is 1d18c2 - -6?
1d18c8
In base 10, what is -105358 - 551?
-105909
In base 2, what is -1011100 + 100001000000000?
100000110100100
In base 6, what is 0 + 1031010022?
1031010022
In base 14, what is 5a - 731ac?
-73152
In base 9, what is -60362 - -25622?
-33640
In base 7, what is -111202452 - 1?
-111202453
In base 12, what is 112aa + -395?
10b15
In base 11, what is 215 + -22240?
-22026
In base 5, what is 1011040032 + 2?
1011040034
In base 2, what is -10000010111110110001 + 10001110?
-100000101111001000